3*l - 4*b, 5*l = -b + 541. Calculate the remainder when l is divided by 28.
24
Suppose 23 - 8 = 3*a. Suppose -z - a*z + 108 = 0. What is the remainder when 70 is divided by z?
16
Let z(y) = 12*y**2 - 2*y + 3. Let g be z(3). Suppose 2*i - g = -i. What is the remainder when i is divided by 19?
16
Let h = 8 + -4. Let o = 8 - h. Let t = -10 - -12. Calculate the remainder when o is divided by t.
0
Let h(u) = -u**2 + 3*u - 3. Let p be h(4). Let c = p - -13. What is the remainder when c is divided by 4?
2
Let r be -4*(-1 - (-1 + 1)). Suppose -r*h + 38 = -2. Let x = 22 - -6. What is the remainder when x is divided by h?
8
Suppose -19*i + 14*i + 130 = 0. Let p(g) = g**3 + 3*g**2 - 3*g + 2. Let k be p(-4). Let t(y) = y**2 - 2*y + 1. What is the remainder when i is divided by t(k)?
8
Let p(h) = -4*h + 5. Suppose -4*a - 38 = 18. Let o = a - -23. Calculate the remainder when p(-5) is divided by o.
7
Let c = 2 + -3. Let t be (-1)/(2*c/22). Suppose -s = -3*q + 41, 3*q - 40 = 3*s + t. What is the remainder when 34 is divided by q?
10
Let f(x) = x - 3. Let q(t) = -2*t + 5. Let u(h) = -5*f(h) - 2*q(h). Let m be u(5). Suppose m = -3*i + 7*i - 52. What is the remainder when i is divided by 5?
3
Let a(q) = -q**3 - 10*q**2 - 12*q + 2. Let o be a(-9). Let d = o + -12. Let n = d - -30. Calculate the remainder when n is divided by 16.
15
Let i = -2 + 6. Suppose 22 = u - f + 5*f, 0 = i*u + 4*f - 28. Suppose w - u*w + 45 = v, -86 = -2*v - w. Calculate the remainder when v is divided by 14.
13
Suppose q - 14 - 52 = 0. Suppose 0 = -0*k - k + q. What is the remainder when k is divided by 17?
15
Let v(x) = 3*x - 9. Let s be v(9). Suppose 2*t - 3*d = d + s, 5*d = -3*t + 5. What is the remainder when (0 - -5)*36/20 is divided by t?
4
Let g(m) = -m + 2. Let o be g(2). Let x = -4 - o. Let b(l) = -l + 3. What is the remainder when b(x) is divided by 3?
1
Let v(u) = u + 21. Let g(c) = 3*c**2 + 2*c - 2. Let z(m) = -3*m**2 - m + 1. Let f be z(1). Calculate the remainder when g(f) is divided by v(-14).
5
Let r(l) = l**2 - 9*l + 4. Let u(x) = 32*x - 1. Let w be u(-1). Let v = w - -59. Calculate the remainder when v is divided by r(10).
12
Let d = -18 - -20. Let t(s) = 3*s**2. What is the remainder when 33 is divided by t(d)?
9
Suppose -u + 53 - 39 = 0. What is the remainder when 95 is divided by u?
11
Suppose -j = -2*y - 51, -2 = -y - 3*j - 10. Let d = y - -37. What is the remainder when d is divided by 8?
6
Suppose -2*m = -5*q + q + 24, 5*m = 2*q - 4. Let s = q + 9. What is the remainder when 45 is divided by s?
13
What is the remainder when 78/9*(-6)/(-4) is divided by 5?
3
Suppose 5*m + 2*x - 5 = 11, -4*x + 6 = -3*m. Let i(f) = 3*f + 4. Calculate the remainder when 39 is divided by i(m).
9
Suppose -5*g = 3*c - 44, 2*g - 79 = -4*c - 11. What is the remainder when 53 is divided by c?
17
Suppose 0 = -2*p + 17 + 3. What is the remainder when 29 is divided by p?
9
Let j be (2/4)/(3/6). Calculate the remainder when j + 3 + -3 - -6 is divided by 4.
3
Let q = 0 - -10. Let u(g) = -10 + g**2 - 2*g - 4*g + 3 - 4. Calculate the remainder when u(10) is divided by q.
9
Suppose -3*q = 12*q - 225. Let k = -32 + 74. Calculate the remainder when k is divided by q.
12
Let d = -30 - -92. What is the remainder when d is divided by 21?
20
Let n(r) = 10*r**2 - r + 1. What is the remainder when 5*19/(-5)*6/(-3) is divided by n(1)?
8
Let t = 18 - 16. Suppose -t*y + 17 = -7. Calculate the remainder when 71 is divided by y.
11
Suppose u - 14 = -4*p, -3*u - 2 = -2*p + 3*p. Let o(f) = f**2 - 3*f. Calculate the remainder when 7 is divided by o(p).
3
Let a(u) = 9*u + u**2 + 0*u**2 + 8 + 0. Let r be a(-8). Suppose r = -5*n + 8 + 2, 2*c - 4*n = 0. What is the remainder when 11 is divided by c?
3
Let k(o) = o**2 + 6*o - 26. Calculate the remainder when 182 is divided by k(-12).
44
Suppose 2*a = -x - 0*a + 7, -5*x + 35 = -4*a. Let c = 153 + -251. Calculate the remainder when x is divided by c/(-21) + (-2)/3.
3
Let j(b) = -b**2 - 4*b + 3. Let d be j(-4). Suppose -1 = f - d. Calculate the remainder when 3 is divided by f.
1
Let s(l) = -l**2 + 10*l - 7. Let p be (11 + -10)*7*1. Let b(k) = k**3 + 9*k**2 - 14*k + 1. Calculate the remainder when b(-10) is divided by s(p).
13
Let y(p) = -p**2 - 8*p + 12. Let l be y(-9). Suppose -3*i + 2*f + l*f + 64 = 0, i - 2*f = 23. What is the remainder when 24 is divided by i?
11
Let x = -2 + 6. Suppose 5*f - x*f - 3 = 0. Calculate the remainder when 8 is divided by f.
2
Let p(u) = u**2 - 1. Let j(g) = g**3 - 3*g**2 - 11*g - 13. Let o(l) = -j(l) + 5*p(l). What is the remainder when o(9) is divided by 14?
12
Let u = 16 + -3. What is the remainder when u is divided by 4?
1
Suppose 0 = 64*u - 65*u + 214. Calculate the remainder when u is divided by 12.
10
Let w(c) = c - 5. Let j be w(9). Let b(x) = 9*x + 9. Calculate the remainder when b(j) is divided by 16.
13
Suppose -5*u = -4*s + 55, -3*u - s - 13 = 20. Let x(a) = a**2 - 9*a - 5. Let g be x(7). Let m = u - g. What is the remainder when m is divided by 3?
2
Let k be (-89)/(-5) + 12/60. Suppose -t = -4*t - 3*y + 114, -5*y + k = t. What is the remainder when t is divided by 23?
20
Calculate the remainder when 20 is divided by (0 - -2)/((-3)/(42/(-4))).
6
Suppose -10*h + 12*h - 18 = 0. Let w(r) = -9 - r**3 + 12 + r + 13. What is the remainder when w(0) is divided by h?
7
Suppose 0 = -2*y + 6 - 2. Let u(a) = a**2 - 4*a - 6. What is the remainder when u(-4) is divided by (1/3)/(y/54)?
8
Let j = 30 - 19. Let k(q) = q**3 + q**2 - q + 11. Let m be k(0). Suppose m = u + 5. What is the remainder when j is divided by u?
5
Suppose -2*p + 5*m + 6 = 0, -4*m - 32 = -4*p + m. Calculate the remainder when p is divided by ((-2)/(-6) - 0)*21.
6
Let v(d) = -d**2 + 12*d - 8. What is the remainder when (-92)/((-2)/1) - 0 is divided by v(10)?
10
Let x(r) be the first derivative of -r**4/4 - r**3/3 - r**2/2 + r + 3. What is the remainder when x(0) is divided by 9/7 - (-4)/(-14)?
0
Suppose 0*l = 4*l - 8. Suppose 3*k = -35*h + 38*h + 24, -2*k = 5*h - 30. Calculate the remainder when k is divided by l.
0
Let n = 4 + -5. Let l be 2 + ((-3)/(-3) - n). Let h = 3 + l. Calculate the remainder when h is divided by 3.
1
Let t = -24 + 63. Suppose 5*m - 3*q = -2*q + 106, t = 2*m + 3*q. What is the remainder when m is divided by 12?
9
Let l = 25 + -23. What is the remainder when l is divided by 2?
0
Let d(y) = -y - 1. Let g(m) = -8*m - 1. Let f(p) = 3*d(p) - g(p). Calculate the remainder when 44 is divided by f(5).
21
Let x(r) = r**2 + 6*r - 8. Let l be x(-8). Let g = l + 4. What is the remainder when 23 is divided by g?
11
Let s be (6/(-9))/(4/(-6)). Suppose -f + s = -2. What is the remainder when f is divided by 2?
1
Suppose 3*h - 5*s + 12 = 0, -5*s = 2*h + 1 - 18. Suppose 0 = v - 1 - h. What is the remainder when (4/5)/((-4)/(-10)) is divided by v?
0
Let n(p) = 45*p**3 - 1. Let z be 2*3/6 + 0. What is the remainder when n(z) is divided by 23?
21
Let a be 0 + (-3)/(-3) - -1. Let w(b) = -8*b**2 - b**3 + 1 + a - 2 - 9*b. Calculate the remainder when 43 is divided by w(-7).
13
Suppose 3*j = -j + 224. Let i(c) = 3*c**2 - 2*c - 2. Let u(l) = l**3 - 4*l**2 + 5*l - 3. Let o be u(3). Calculate the remainder when j is divided by i(o).
18
Let k be -3 + 1 + 27*2. Suppose -3*o + k = 2*l, 0*l = -2*l + 2*o + 72. Let m = l - 19. Calculate the remainder when m is divided by 5.
3
Suppose c + 126 = 4*k - 128, 4 = -2*c. What is the remainder when k is divided by 11?
8
Suppose -b = -10*y + 5*y + 25, 0 = -2*y - 5*b + 37. Suppose 6*u - u = 110. What is the remainder when u is divided by y?
4
Let o be 3/1 + 21/1. Suppose 21 = 5*n - o. What is the remainder when 17 is divided by n?
8
Let k(r) = -r**2 + 7*r - 1. Suppose 3*f = -2*m - m + 81, 0 = 3*f - 6. Calculate the remainder when m is divided by k(5).
7
Let y = -92 + 100. What is the remainder when 47 is divided by y?
7
Let v be (-73)/(-4) - (-1)/(-4). Let f = 3 + v. Suppose 116 = 5*u - 84. Calculate the remainder when u is divided by f.
19
Suppose u = -4*f + f + 29, -2*f + 132 = 5*u. Let k = 44 - -7. What is the remainder when k is divided by u?
25
Suppose -2*b - 30 = -7*b - 4*c, 0 = b - 5*c - 35. Calculate the remainder when 29 is divided by b.
9
Let s(o) = -2*o - 4 + 3*o + 1. Let f be s(4). Let z = 13 + f. Calculate the remainder when